{"id":17,"date":"2018-04-28T11:39:45","date_gmt":"2018-04-28T11:39:45","guid":{"rendered":"https:\/\/schreinerei-kleinjans.de\/?page_id=17"},"modified":"2019-01-30T18:05:55","modified_gmt":"2019-01-30T18:05:55","slug":"startseite","status":"publish","type":"page","link":"https:\/\/schreinerei-kleinjans.de\/","title":{"rendered":"Startseite"},"content":{"rendered":"<div id=\"startseite\">\n<h1>Schreinerei Kleinjans<\/h1>\n<h4>Ihr kompetenter Partner in Sachen Holz und Innenausbau.<\/h4>\n<h4>Individuelle Ma\u00dfanfertigung aus eigener Herstellung.<\/h4>\n<h4>Terrassen\u00fcberdachungen &#8211; Holz- und Kunststofffenster &#8211; Treppenbau<\/h4>\n<h4>Dachausbau &#8211; Einbruchschutz &#8211; Parkettb\u00f6den &#8211; Einbaum\u00f6bel<\/h4>\n<div class=\"css-table\">\n<div class=\"col\">\n<a href=\"https:\/\/schreinerei-kleinjans.de\/?page_id=19\"><\/p>\n<h1>Reparaturen<\/h1>\n<div class=\"img-container width-100 align-center\"><img decoding=\"async\" src=\"https:\/\/schreinerei-kleinjans.de\/wp-content\/uploads\/2018\/04\/Reparatur-176481138-1.png\" alt=\"Reparaturen\" \/><\/div>\n<p>Wir warten Ihre Fenster und Roll\u00adl\u00e4den und setzen sie gegebe\u00adnen\u00adfalls instand.<br \/>\n<\/a>\n<\/div>\n<div class=\"col\">\n<a href=\"https:\/\/schreinerei-kleinjans.de\/?page_id=23\"><\/p>\n<h1>Einbruchschutz<\/h1>\n<div class=\"img-container width-100 align-center\"><img decoding=\"async\" src=\"https:\/\/schreinerei-kleinjans.de\/wp-content\/uploads\/2018\/04\/Einbrecher-116000508.png\" alt=\"Einbrecher\" \/><\/div>\n<p>Wir beraten Sie in Fra\u00adgen des Ein\u00adbruch\u00ad\u00adschutzes und statten Ihre T\u00fcren, Fen\u00adster und Roll\u00adl\u00e4den mit einbruch\u00ad\u00adhemmen\u00adden Zus\u00e4tzen aus.<br \/>\n<\/a>\n<\/div>\n<div class=\"col\">\n<a href=\"https:\/\/schreinerei-kleinjans.de\/?page_id=25\"><\/p>\n<h1>Schreinerei<\/h1>\n<div class=\"img-container width-100 align-center\"><img decoding=\"async\" src=\"https:\/\/schreinerei-kleinjans.de\/wp-content\/uploads\/2018\/04\/Schreiner-88075391.png\" alt=\"Schreinerei\" \/><\/div>\n<p>In unserer Bau- und M\u00f6bel\u00adschrei\u00adnerei ferti\u00adgen wir hoch\u00adwer\u00adtige Bau\u00adele\u00admen\u00adte und M\u00f6bel nach Ihren Vor\u00adgaben.<br \/>\n<\/a>\n<\/div>\n<\/div>\n<\/div>\n","protected":false},"excerpt":{"rendered":"<p>Schreinerei Kleinjans Ihr kompetenter Partner in Sachen Holz und Innenausbau. Individuelle Ma\u00dfanfertigung aus eigener Herstellung. Terrassen\u00fcberdachungen &#8211; Holz- und Kunststofffenster &#8211; Treppenbau Dachausbau &#8211; Einbruchschutz &#8211; Parkettb\u00f6den &#8211; Einbaum\u00f6bel Reparaturen Wir warten Ihre Fenster und Roll\u00adl\u00e4den und setzen sie gegebe\u00adnen\u00adfalls instand. Einbruchschutz Wir beraten Sie in Fra\u00adgen des Ein\u00adbruch\u00ad\u00adschutzes und statten Ihre T\u00fcren, Fen\u00adster und [&hellip;]<\/p>\n","protected":false},"author":1,"featured_media":0,"parent":0,"menu_order":1,"comment_status":"closed","ping_status":"closed","template":"template-parts\/front-page.php","meta":{"footnotes":""},"class_list":["post-17","page","type-page","status-publish","hentry"],"_links":{"self":[{"href":"https:\/\/schreinerei-kleinjans.de\/index.php?rest_route=\/wp\/v2\/pages\/17"}],"collection":[{"href":"https:\/\/schreinerei-kleinjans.de\/index.php?rest_route=\/wp\/v2\/pages"}],"about":[{"href":"https:\/\/schreinerei-kleinjans.de\/index.php?rest_route=\/wp\/v2\/types\/page"}],"author":[{"embeddable":true,"href":"https:\/\/schreinerei-kleinjans.de\/index.php?rest_route=\/wp\/v2\/users\/1"}],"replies":[{"embeddable":true,"href":"https:\/\/schreinerei-kleinjans.de\/index.php?rest_route=%2Fwp%2Fv2%2Fcomments&post=17"}],"version-history":[{"count":33,"href":"https:\/\/schreinerei-kleinjans.de\/index.php?rest_route=\/wp\/v2\/pages\/17\/revisions"}],"predecessor-version":[{"id":184,"href":"https:\/\/schreinerei-kleinjans.de\/index.php?rest_route=\/wp\/v2\/pages\/17\/revisions\/184"}],"wp:attachment":[{"href":"https:\/\/schreinerei-kleinjans.de\/index.php?rest_route=%2Fwp%2Fv2%2Fmedia&parent=17"}],"curies":[{"name":"wp","href":"https:\/\/api.w.org\/{rel}","templated":true}]}}